) to base 16
-38
90 (base 10) to base 6
230
-10000110 (base 2) to base 15
-8e
4 (base 5) to base 8
4
Convert 140 (base 6) to base 4.
330
-32 (base 9) to base 11
-27
Convert 1 (base 2) to base 14.
1
Convert -4 (base 6) to base 16.
-4
What is -3 (base 10) in base 7?
-3
1 (base 12) to base 7
1
What is 3 (base 15) in base 9?
3
-3d (base 15) to base 4
-322
Convert -17 (base 9) to base 7.
-22
What is -210 (base 4) in base 9?
-40
2 (base 12) to base 14
2
24 (base 13) to base 4
132
What is 44 (base 6) in base 9?
31
Convert -16 (base 16) to base 2.
-10110
Convert 110 (base 2) to base 9.
6
Convert -39 (base 10) to base 12.
-33
What is -73 (base 11) in base 14?
-5a
What is -2202 (base 3) in base 14?
-54
What is -7 (base 9) in base 16?
-7
10 (base 4) to base 6
4
What is -43 (base 7) in base 15?
-21
What is -30 (base 14) in base 9?
-46
Convert -1 (base 7) to base 10.
-1
26 (base 13) to base 15
22
What is -331 (base 6) in base 4?
-1333
Convert -10021 (base 3) to base 4.
-1120
What is 0 (base 15) in base 4?
0
Convert 66 (base 7) to base 16.
30
Convert -2 (base 4) to base 3.
-2
-35 (base 10) to base 8
-43
Convert -11 (base 2) to base 3.
-10
Convert 324 (base 8) to base 14.
112
3 (base 13) to base 15
3
What is 155 (base 9) in base 13?
a1
Convert -28 (base 13) to base 3.
-1021
1 (base 10) to base 2
1
Convert -10010110 (base 2) to base 9.
-176
What is 86 (base 15) in base 3?
11200
Convert -33 (base 6) to base 10.
-21
Convert 1 (base 2) to base 16.
1
Convert 3 (base 8) to base 9.
3
117 (base 14) to base 3
22001
What is 2 (base 9) in base 8?
2
0 (base 15) to base 8
0
Convert -2101 (base 3) to base 16.
-40
Convert -2 (base 16) to base 6.
-2
What is 1 (base 6) in base 14?
1
What is 3 (base 4) in base 5?
3
Convert -13 (base 13) to base 11.
-15
What is 22011 (base 3) in base 7?
433
Convert -1001 (base 4) to base 9.
-72
-445 (base 8) to base 2
-100100101
What is -21 (base 9) in base 4?
-103
What is -223 (base 5) in base 7?
-120
Convert -102 (base 4) to base 3.
-200
Convert -9 (base 13) to base 14.
-9
-34 (base 10) to base 14
-26
What is -5 (base 15) in base 5?
-10
What is 56 (base 10) in base 12?
48
1110110 (base 2) to base 14
86
Convert -118 (base 10) to base 16.
-76
-2 (base 11) to base 12
-2
What is 2 (base 12) in base 7?
2
What is 4 (base 12) in base 7?
4
Convert 13 (base 12) to base 14.
11
Convert -132 (base 9) to base 11.
-a0
2 (base 9) to base 8
2
-1 (base 12) to base 13
-1
What is -14 (base 8) in base 6?
-20
Convert 67 (base 11) to base 15.
4d
11 (base 5) to base 2
110
Convert 5 (base 14) to base 12.
5
Convert 6 (base 16) to base 10.
6
What is 27 (base 11) in base 13?
23
Convert -2 (base 4) to base 5.
-2
What is 13 (base 4) in base 15?
7
What is -6c (base 14) in base 4?
-1200
Convert 67 (base 8) to base 11.
50
What is 0 (base 2) in base 14?
0
Convert 45 (base 11) to base 3.
1211
Convert 121 (base 7) to base 9.
71
-100100 (base 2) to base 13
-2a
What is -43 (base 12) in base 16?
-33
Convert -4 (base 11) to base 4.
-10
-a (base 12) to base 13
-a
Convert -3 (base 7) to base 16.
-3
Convert 130 (base 4) to base 14.
20
-3 (base 12) to base 4
-3
8 (base 12) to base 6
12
3 (base 15) to base 16
3
What is 4 (base 14) in base 4?
10
What is -94 (base 10) in base 6?
-234
Convert -1111 (base 2) to base 16.
-f
What is 201 (base 5) in base 9?
56
-83 (base 10) to base 4
-1103
Convert 6 (base 16) to base 11.
6
Convert -56 (base 14) to base 2.
-1001100
Convert 12201 (base 3) to base 12.
10a
4 (base 11) to base 6
4
Convert -2 (base 5) to base 14.
-2
Convert 176 (base 8) to base 7.
240
10 (base 4) to base 13
4
10001010 (base 2) to base 12
b6
Convert -23 (base 5) to base 9.
-14
Convert -5 (base 15) to base 12.
-5
What is 48 (base 10) in base 15?
33
What is -70 (base 13) in base 8?
-133
What is -10 (base 4) in base 15?
-4
-5 (base 14) to base 3
-12
Convert 24 (base 6) to base 14.
12
-13 (base 8) to base 2
-1011
Convert 21 (base 7) to base 9.
16
Convert -6b (base 13) to base 11.
-81
101001 (base 2) to base 13
32
Convert 3 (base 9) to base 10.
3
5b (base 13) to base 3
2211
Convert 10 (base 2) to base 4.
2
Convert -8 (base 10) to base 7.
-11
Convert -21a (base 14) to base 15.
-1cb
21 (base 16) to base 13
27
What is -d (base 16) in base 8?
-15
-11111 (base 2) to base 3
-1011
2 (base 9) to base 10
2
48 (base 9) to base 4
230
What is -8 (base 11) in base 5?
-13
Convert 1 (base 8) to base 12.
1
Convert -1 (base 15) to base 16.
-1
What is 110 (base 4) in base 12?
18
Convert 113 (base 4) to base 2.
10111
Convert -120 (base 5) to base 14.
-27
Convert 133 (base 4) to base 2.
11111
Convert -2 (base 13) to base 7.
-2
-1a (base 15) to base 2
-11001
2 (base 6) to base 4
2
What is -55 (base 12) in base 4?
-1001
-37 (base 11) to base 15
-2a
What is 2 (base 6) in base 10?
2
3 (base 4) to base 5
3
-27 (base 11) to base 8
-35
-37 (base 10) to base 12
-31
-5b (base 14) to base 15
-56
What is -46 (base 7) in base 8?
-42
214 (base 5) to base 16
3b
Convert -13 (base 7) to base 10.
-10
-45 (base 14) to base 6
-141
-3 (base 4) to base 15
-3
2 (base 15) to base 14
2
Convert -30 (base 6) to base 9.
-20
-12 (base 7) to base 6
-13
Convert -20222 (base 3) to base 16.
-bc
3 (base 15) to base 9
3
Convert 111110 (base 2) to base 10.
62
What is 2 (base 9) in base 12?
2
Convert -53 (base 12) to base 11.
-58
Convert 11 (base 3) to base 15.
4
Convert -101 (base 7) to base 13.
-3b
Convert 16 (base 11) to base 3.
122
-11200 (base 3) to base 2
-1111110
What is -101002 (base 3) in base 11?
-228
Convert -25 (base 14) to base 3.
-1020
5 (base 12) to base 14
5
2a (base 11) to base 3
1012
Convert -24 (base 9) to base 3.
-211
What is -9 (base 16) in base 10?
-9
-14 (base 14) to base 12
-16
-68 (base 16) to base 4
-1220
What is 2200 (base 3) in base 5?
242
Convert -10032 (base 4) to base 8.
-416
Convert db (base 15) to base 11.
178
Convert 4 (base 10) to base 2.
100
-6 (base 8) to base 14
-6
-2 (base 7) to base 4
-2
What is -e (base 15) in base 10?
-14
What is -1231 (base 5) in base 7?
-362
What is 23 (base 9) in base 7?
30
-17 (base 15) to base 3
-211
Convert 121 (base 4) to base 16.
19
What is -2 (base 4) in base 2?
-10
What is -2 (base 16) in base 12?
-2
What is 16 (base 7) in base 16?
d
Convert -1000000 (base 2) to base 10.
-64
What is 30 (base 4) in base 7?
15
What is -1 (base 14) in base 13?
-1
Convert -11 (base 9) to base 13.
-a
123 (base 7) to base 14
4a
Convert -a4 (base 11) to base 13.
-8a
13 (base 13) to base 2
10000
Convert 21 (base 3) to base 5.
12
Convert -200 (base 4) to base 10.
-32
Convert 121 (base 7) to base 14.
48
What is -101011 (base 2) in base 6?
-111
What is -116 (base 10) in base 7?
-224
Convert -9 (base 14) to base 3.
-100
Convert 1212 (base 3) to base 2.
110010
-1121 (base 3) to base 12
-37
What is 223 (base 10) in base 13?
142
What is -30 (base 12) in base 13?
-2a
What is -138 (base 10) in base 6?
-350
Convert -3 (base 11) to base 8.
-3
0 (base 5) to base 12
0
Convert 38 (base 16) to base 11.
51
Convert -48 (base 9) to base 13.
-35
0 (base 13) to base 15
0
What is -205 (base 7) in base 4?
-1213
Convert 333 (base 6) to base 11.
108
-2 (base 15) to base 14
-2
-3 (base 4) to base 9
-3
What is -10 (base 8) in base 2?
-1000
-1 (base 8) to base 2
-1
Convert -12 (base 10) to base 16.
-c
Convert 2 (base 5) to base 11.
2
What is 6 (base 16) in base 10?
6
-11 (base 2) to base 12
-3
30 (base 11) to base 7
45
What is 20 (base 5) in base 6?
14
-212 (base 10) to base 15
-e2
What is -112 (base 4) in base 12?
-1a
What is 3 (base 9) in base 10?
3
What is -1b (base 14) in base 16?
-19
Convert 0 (base 7) to base 3.
0
-1 (base 7) to base 6
-1
What is -11 (base 15) in base 4?
-100
What is -1 (base 9) in base 12?
-1
-2 (base 5) to base 12
-2
What is -452 (base 7) in base 6?
-1025
355 (base 9) to base 16
125
What is -1 (base 2) in base 3?
-1
What is 2 (base 7) in base 14?
2
43 (base 5) to base 15
18
What is 59 (base 10) in base 12?
4b
Convert -6 (base 12) to base 15.
-6
-9 (base 16) to base 11
-9
Convert 21 (base 6) to base 4.
31
What is 12 (base 14) in base 3?
121
-c (base 14) to base 10
-12
-2 (base 12) to base 11
-2
What is -1102 (base 4) in base 16?
-52
What is 3 (base 8) in base 13?
3
What is 1132 (base 4) in base 8?
136
What is -1 (base 2) in base 6?
-1
What is -5 (base 15) in base 7?
-5
Convert -3 (base 12) to bas